{"id":4589,"date":"2025-03-24T10:08:57","date_gmt":"2025-03-24T10:08:57","guid":{"rendered":"https:\/\/agrodiamant.ro\/?post_type=product&#038;p=4589"},"modified":"2025-04-02T13:05:45","modified_gmt":"2025-04-02T13:05:45","slug":"deutz-fahr-gp220-ata-60cp-presa-baloti-rotunzi","status":"publish","type":"product","link":"https:\/\/agrodiamant.ro\/index.php\/product\/deutz-fahr-gp220-ata-60cp-presa-baloti-rotunzi\/","title":{"rendered":"Deutz-Fahr GP220 &#8211; A\u021b\u0103 &#8211; 60CP &#8211; Presa balo\u021bi rotunzi"},"content":{"rendered":"","protected":false},"excerpt":{"rendered":"<p>\u00cen parcul nostru cu utilaje din <a href=\"https:\/\/maps.app.goo.gl\/knPPaQto2hA22Z4k7\">Hanu Conachi, jud Gala\u021bi<\/a> g\u0103si\u021bi:<\/p>\n<p>Presa pentru balo\u021bi rotunzi Deutz-Fahr GP220:<\/p>\n<p>&#8211; an fab.: 1984;<br \/>\n&#8211; presa este pe tamburi.<br \/>\n&#8211; dimensiune balot: 120x120cm;<br \/>\n&#8211; presa leag\u0103 cu ATA;<br \/>\n&#8211; pick-up hidraulic cu l\u0103\u021bime de 1.2m;<br \/>\n&#8211; camera balo\u021bilor pe bare cu lan\u021buri (precum reg\u0103sim la KRONE);<br \/>\n&#8211; \u00een stare foarte bun\u0103, adus\u0103 din Fran\u021ba;<\/p>\n","protected":false},"featured_media":4590,"template":"","meta":[],"product_brand":[],"product_cat":[537,533,530],"product_tag":[],"class_list":{"0":"post-4589","1":"product","2":"type-product","3":"status-publish","4":"has-post-thumbnail","6":"product_cat-utilaje-ocazie","7":"product_cat-tamburi-prese-ocazie","8":"product_cat-prese-baloti-utilaje-ocazie","10":"first","11":"instock","12":"taxable","13":"shipping-taxable","14":"product-type-simple"},"jetpack_sharing_enabled":true,"_links":{"self":[{"href":"https:\/\/agrodiamant.ro\/index.php\/wp-json\/wp\/v2\/product\/4589","targetHints":{"allow":["GET"]}}],"collection":[{"href":"https:\/\/agrodiamant.ro\/index.php\/wp-json\/wp\/v2\/product"}],"about":[{"href":"https:\/\/agrodiamant.ro\/index.php\/wp-json\/wp\/v2\/types\/product"}],"wp:featuredmedia":[{"embeddable":true,"href":"https:\/\/agrodiamant.ro\/index.php\/wp-json\/wp\/v2\/media\/4590"}],"wp:attachment":[{"href":"https:\/\/agrodiamant.ro\/index.php\/wp-json\/wp\/v2\/media?parent=4589"}],"wp:term":[{"taxonomy":"product_brand","embeddable":true,"href":"https:\/\/agrodiamant.ro\/index.php\/wp-json\/wp\/v2\/product_brand?post=4589"},{"taxonomy":"product_cat","embeddable":true,"href":"https:\/\/agrodiamant.ro\/index.php\/wp-json\/wp\/v2\/product_cat?post=4589"},{"taxonomy":"product_tag","embeddable":true,"href":"https:\/\/agrodiamant.ro\/index.php\/wp-json\/wp\/v2\/product_tag?post=4589"}],"curies":[{"name":"wp","href":"https:\/\/api.w.org\/{rel}","templated":true}]}}