{"id":4732,"date":"2025-03-24T11:40:21","date_gmt":"2025-03-24T11:40:21","guid":{"rendered":"https:\/\/agrodiamant.ro\/?post_type=product&#038;p=4732"},"modified":"2025-04-02T13:01:36","modified_gmt":"2025-04-02T13:01:36","slug":"new-holland-t5-120-electro-command-120cp-4x4-2018-4-950h","status":"publish","type":"product","link":"https:\/\/agrodiamant.ro\/index.php\/product\/new-holland-t5-120-electro-command-120cp-4x4-2018-4-950h\/","title":{"rendered":"New Holland T5 120 Electro Command &#8211; 120CP &#8211; 4X4 &#8211; 2018 &#8211; 4.950h"},"content":{"rendered":"","protected":false},"excerpt":{"rendered":"<p>In parcul nostru cu utilaje din <a href=\"https:\/\/maps.app.goo.gl\/knPPaQto2hA22Z4k7\">Hanu Conachi, jud Gala\u021bi<\/a> g\u0103si\u021bi:<\/p>\n<p>New Holland T5 120 Electro Command echipat cu incarcator frontal.<\/p>\n<p>&#8211; data fab: 31.12.2018;<br \/>\n&#8211; ore de lucru: 4.950h;<br \/>\n&#8211; putere: 120CP;<br \/>\n&#8211; tractiune: 4&#215;4;<br \/>\n&#8211; transmisie: Semi-automata NH Electro Command;<br \/>\n&#8211; buton care transforma cutia semi-automata \u00een automat\u0103 \u00een anumite condi\u021bii;<br \/>\n&#8211; punte fata liftantant\u0103 hidraulic;<br \/>\n&#8211; echipat cu \u00eenc\u0103rc\u0103tor frontal cu sensibilitate de operare programabila, func\u021bie de copiere a terenului si 2 perechi de cuple hidraulice pentru accesorii;<br \/>\n&#8211; accelera\u021bie cu memorie. Pot fi memorate 2 tura\u021bii ale motorului. Ap\u0103s\u00e2nd butonul de memorie, tractorul se va tura automat.<br \/>\n&#8211; 3 cuple hidraulice posterioare cu functie de copiere a terenului pentru accesorii;<br \/>\n&#8211; priza de putere cu 3 viteze: 540E, 540 si 1000 RPM;<br \/>\n&#8211; setare inteligenta de pornire-oprire a prizei de putere in func\u021bie de \u00een\u0103l\u021bimea tiran\u021bilor;<br \/>\n&#8211; aer condi\u021bionat;<br \/>\n&#8211; trapa;<\/p>\n","protected":false},"featured_media":4734,"template":"","meta":[],"product_brand":[],"product_cat":[537,529],"product_tag":[],"class_list":{"0":"post-4732","1":"product","2":"type-product","3":"status-publish","4":"has-post-thumbnail","6":"product_cat-utilaje-ocazie","7":"product_cat-tractoare-utilaje-ocazie","9":"first","10":"instock","11":"taxable","12":"shipping-taxable","13":"product-type-simple"},"jetpack_sharing_enabled":true,"_links":{"self":[{"href":"https:\/\/agrodiamant.ro\/index.php\/wp-json\/wp\/v2\/product\/4732","targetHints":{"allow":["GET"]}}],"collection":[{"href":"https:\/\/agrodiamant.ro\/index.php\/wp-json\/wp\/v2\/product"}],"about":[{"href":"https:\/\/agrodiamant.ro\/index.php\/wp-json\/wp\/v2\/types\/product"}],"wp:featuredmedia":[{"embeddable":true,"href":"https:\/\/agrodiamant.ro\/index.php\/wp-json\/wp\/v2\/media\/4734"}],"wp:attachment":[{"href":"https:\/\/agrodiamant.ro\/index.php\/wp-json\/wp\/v2\/media?parent=4732"}],"wp:term":[{"taxonomy":"product_brand","embeddable":true,"href":"https:\/\/agrodiamant.ro\/index.php\/wp-json\/wp\/v2\/product_brand?post=4732"},{"taxonomy":"product_cat","embeddable":true,"href":"https:\/\/agrodiamant.ro\/index.php\/wp-json\/wp\/v2\/product_cat?post=4732"},{"taxonomy":"product_tag","embeddable":true,"href":"https:\/\/agrodiamant.ro\/index.php\/wp-json\/wp\/v2\/product_tag?post=4732"}],"curies":[{"name":"wp","href":"https:\/\/api.w.org\/{rel}","templated":true}]}}