{"id":4784,"date":"2025-03-24T14:42:07","date_gmt":"2025-03-24T14:42:07","guid":{"rendered":"https:\/\/agrodiamant.ro\/?post_type=product&#038;p=4784"},"modified":"2025-04-02T13:00:51","modified_gmt":"2025-04-02T13:00:51","slug":"ibc-1000l-bazin-pentru-apa-cu-cadru-metalic","status":"publish","type":"product","link":"https:\/\/agrodiamant.ro\/index.php\/product\/ibc-1000l-bazin-pentru-apa-cu-cadru-metalic\/","title":{"rendered":"IBC 1000L &#8211; bazin pentru ap\u0103 cu cadru metalic"},"content":{"rendered":"","protected":false},"excerpt":{"rendered":"<p>\u00cen parcul nostru cu utilaje din <a href=\"https:\/\/maps.app.goo.gl\/knPPaQto2hA22Z4k7\">Hanu Conachi, jud Gala\u021bi<\/a> g\u0103si\u021bi:<\/p>\n<p>IBC 1000L:<\/p>\n<p>&#8211; volum &#8211; 1000l<br \/>\n&#8211; bazin pentru depozitarea diverselor lichide;<br \/>\n&#8211; poate fi folosit ca bazin pentru ap\u0103 \u00een gr\u0103dina, ser\u0103 ori solar;<br \/>\n&#8211; bazinul este fabricat din plastic;<br \/>\n&#8211; bazinul este protejat de un cadru metalic;<br \/>\n&#8211; suportul pe care st\u0103 bazinul poate fi palet lemn \/ plastic \/ metalic;<br \/>\n&#8211; bazinul are orificiu de cuplare;<\/p>\n","protected":false},"featured_media":4792,"template":"","meta":[],"product_brand":[],"product_cat":[537,531],"product_tag":[],"class_list":{"0":"post-4784","1":"product","2":"type-product","3":"status-publish","4":"has-post-thumbnail","6":"product_cat-utilaje-ocazie","7":"product_cat-alte-utilaje-ocazie","9":"first","10":"instock","11":"taxable","12":"shipping-taxable","13":"product-type-simple"},"jetpack_sharing_enabled":true,"_links":{"self":[{"href":"https:\/\/agrodiamant.ro\/index.php\/wp-json\/wp\/v2\/product\/4784","targetHints":{"allow":["GET"]}}],"collection":[{"href":"https:\/\/agrodiamant.ro\/index.php\/wp-json\/wp\/v2\/product"}],"about":[{"href":"https:\/\/agrodiamant.ro\/index.php\/wp-json\/wp\/v2\/types\/product"}],"wp:featuredmedia":[{"embeddable":true,"href":"https:\/\/agrodiamant.ro\/index.php\/wp-json\/wp\/v2\/media\/4792"}],"wp:attachment":[{"href":"https:\/\/agrodiamant.ro\/index.php\/wp-json\/wp\/v2\/media?parent=4784"}],"wp:term":[{"taxonomy":"product_brand","embeddable":true,"href":"https:\/\/agrodiamant.ro\/index.php\/wp-json\/wp\/v2\/product_brand?post=4784"},{"taxonomy":"product_cat","embeddable":true,"href":"https:\/\/agrodiamant.ro\/index.php\/wp-json\/wp\/v2\/product_cat?post=4784"},{"taxonomy":"product_tag","embeddable":true,"href":"https:\/\/agrodiamant.ro\/index.php\/wp-json\/wp\/v2\/product_tag?post=4784"}],"curies":[{"name":"wp","href":"https:\/\/api.w.org\/{rel}","templated":true}]}}