{"id":4884,"date":"2025-03-25T12:03:51","date_gmt":"2025-03-25T12:03:51","guid":{"rendered":"https:\/\/agrodiamant.ro\/?post_type=product&#038;p=4884"},"modified":"2025-04-02T12:58:31","modified_gmt":"2025-04-02T12:58:31","slug":"zanon-tmu-tocator-de-resturi-vegetale-pentru-munci-intensive-o-8cm-pentru-tractoare-intre-50-130cp","status":"publish","type":"product","link":"https:\/\/agrodiamant.ro\/index.php\/product\/zanon-tmu-tocator-de-resturi-vegetale-pentru-munci-intensive-o-8cm-pentru-tractoare-intre-50-130cp\/","title":{"rendered":"ZANON TMU &#8211; Toc\u0103tor resturi vegetale  (\u00f8 8cm) compatibil cu palpator &#8211; munci intensive &#8211; tractoare \u00eentre 50 &#8211; 130CP"},"content":{"rendered":"","protected":false},"excerpt":{"rendered":"<p><u>AgroDiamant este dealer ZANON.<\/u>\u00a0Distribuim produsele acestora, reu\u0219ind s\u0103 oferim asisten\u021b\u0103 tehnic\u0103 precum \u0219i piese de schimb pentru acestea. Pe site-ul nostru g\u0103si\u021bi o parte din oferta produc\u0103torul italian. \u00centreaga gam\u0103 de produse ZANON o pute\u021bi vedea d\u00e2nd\u00a0<a href=\"https:\/\/www.zanon.it\/en\/\">click aici<\/a>. Putem aduce pe comanda orice utilaj din oferta acestora.<\/p>\n<p>Toc\u0103torul\u00a0vegetal\u00a0<strong>ZANON TMU<\/strong>\u00a0este conceput pentru munci grele, fiind ideal pentru tocarea crengilor cu\u00a0<strong>un diametru de pana la 8cm<\/strong>, boschetelor, vegeta\u021biei\u00a0spontane, chiar arbu\u0219tilor\u00a0de mici dimensiuni, resturilor lemnoase rezultate in urma activit\u0103\u021bilor\u00a0de cur\u0103\u021bare\u00a0a livezilor si podgoriilor, precum si a ierbii, gr\u00e2ului, tutunului, sfeclei, bumbacului si multe altele asem\u0103n\u0103toare.<\/p>\n<p>In plus, ulterior acest toc\u0103tor\u00a0poate fi echipat cu echipamente palpatoare:<\/p>\n<ul>\n<li><a href=\"https:\/\/agrodiamant.ro\/index.php\/product\/zanon-it-m-cositoare-laterala-palpator-cu-arc-pentru-tocatoarele-zanon\/\">cositoare laterala palpatoare ZANON IT-M<\/a><\/li>\n<li><a href=\"https:\/\/agrodiamant.ro\/index.php\/product\/zanon-it-cositoare-laterala-palpatoare-echipament-pentru-tocatoarele-zanon\/\">cositoare laterala palpatoare ZANON IT<\/a><\/li>\n<li><a href=\"https:\/\/agrodiamant.ro\/index.php\/product\/zanon-it-pro-cositoare-laterala-palpatoare-echipament-pentru-tocatoarele-zanon\/\">cositoare laterala palpatoare ZANON IT-PRO<\/a><\/li>\n<li><a href=\"https:\/\/agrodiamant.ro\/index.php\/product\/zanon-dmi-tocator-cu-fir-echipament-palpator-pentru-tocatoarele-zanon\/\">cositoare laterala palpatoare ZANON DMI<\/a><\/li>\n<li><\/li>\n<\/ul>\n","protected":false},"featured_media":4910,"template":"","meta":[],"product_brand":[],"product_cat":[538,506,510],"product_tag":[],"class_list":{"0":"post-4884","1":"product","2":"type-product","3":"status-publish","4":"has-post-thumbnail","6":"product_cat-utilaje-agricole","7":"product_cat-horticol-viticol","8":"product_cat-tocatoriv-utilaje-noi","10":"first","11":"instock","12":"taxable","13":"shipping-taxable","14":"product-type-simple"},"jetpack_sharing_enabled":true,"_links":{"self":[{"href":"https:\/\/agrodiamant.ro\/index.php\/wp-json\/wp\/v2\/product\/4884","targetHints":{"allow":["GET"]}}],"collection":[{"href":"https:\/\/agrodiamant.ro\/index.php\/wp-json\/wp\/v2\/product"}],"about":[{"href":"https:\/\/agrodiamant.ro\/index.php\/wp-json\/wp\/v2\/types\/product"}],"wp:featuredmedia":[{"embeddable":true,"href":"https:\/\/agrodiamant.ro\/index.php\/wp-json\/wp\/v2\/media\/4910"}],"wp:attachment":[{"href":"https:\/\/agrodiamant.ro\/index.php\/wp-json\/wp\/v2\/media?parent=4884"}],"wp:term":[{"taxonomy":"product_brand","embeddable":true,"href":"https:\/\/agrodiamant.ro\/index.php\/wp-json\/wp\/v2\/product_brand?post=4884"},{"taxonomy":"product_cat","embeddable":true,"href":"https:\/\/agrodiamant.ro\/index.php\/wp-json\/wp\/v2\/product_cat?post=4884"},{"taxonomy":"product_tag","embeddable":true,"href":"https:\/\/agrodiamant.ro\/index.php\/wp-json\/wp\/v2\/product_tag?post=4884"}],"curies":[{"name":"wp","href":"https:\/\/api.w.org\/{rel}","templated":true}]}}