{"id":4929,"date":"2025-03-26T10:08:26","date_gmt":"2025-03-26T10:08:26","guid":{"rendered":"https:\/\/agrodiamant.ro\/?post_type=product&#038;p=4929"},"modified":"2025-04-02T12:58:06","modified_gmt":"2025-04-02T12:58:06","slug":"zanon-tfm-r-tocator-frontal-si-posterior-de-resturi-vegetale-o-3-4cm-tractoare-intre-30-80-cp","status":"publish","type":"product","link":"https:\/\/agrodiamant.ro\/index.php\/product\/zanon-tfm-r-tocator-frontal-si-posterior-de-resturi-vegetale-o-3-4cm-tractoare-intre-30-80-cp\/","title":{"rendered":"ZANON TFM\/R &#8211; Toc\u0103tor frontal \u0219i posterior de resturi vegetale (\u00f8 3-4cm) &#8211; tractoare intre 30 &#8211; 80 CP"},"content":{"rendered":"","protected":false},"excerpt":{"rendered":"<p><u>AgroDiamant este dealer ZANON.<\/u>\u00a0Distribuim produsele acestora, reu\u0219ind s\u0103 oferim asisten\u021b\u0103 tehnic\u0103 precum \u0219i piese de schimb pentru acestea. Pe site-ul nostru g\u0103si\u021bi o parte din oferta produc\u0103torul italian. \u00centreaga gam\u0103 de produse ZANON o pute\u021bi vedea d\u00e2nd\u00a0<a href=\"https:\/\/www.zanon.it\/en\/\">click aici<\/a>. Putem aduce pe comanda orice utilaj din oferta acestora.<\/p>\n<p><strong>Modelul de toc\u0103tor TFM-R<\/strong> a fost construit pentru tractoare de putere mica si medie put\u00e2nd fi montat at\u00e2t frontal cat si posterior mul\u021bumita grupului cu dubla priza. Este ideal pentru tocarea crengilor si altor reziduuri lemnoase <strong>cu diametre maxime cuprinse \u00eentre 3-4cm<\/strong> rezultate in urma activit\u0103\u021bilor de cur\u0103\u021bare a livezilor si viilor, precum si a ierbii, fanului, cocenilor, boschetelor si altele asem\u0103n\u0103toare.<\/p>\n","protected":false},"featured_media":4933,"template":"","meta":[],"product_brand":[],"product_cat":[538,510],"product_tag":[],"class_list":{"0":"post-4929","1":"product","2":"type-product","3":"status-publish","4":"has-post-thumbnail","6":"product_cat-utilaje-agricole","7":"product_cat-tocatoriv-utilaje-noi","9":"first","10":"instock","11":"taxable","12":"shipping-taxable","13":"product-type-simple"},"jetpack_sharing_enabled":true,"_links":{"self":[{"href":"https:\/\/agrodiamant.ro\/index.php\/wp-json\/wp\/v2\/product\/4929","targetHints":{"allow":["GET"]}}],"collection":[{"href":"https:\/\/agrodiamant.ro\/index.php\/wp-json\/wp\/v2\/product"}],"about":[{"href":"https:\/\/agrodiamant.ro\/index.php\/wp-json\/wp\/v2\/types\/product"}],"wp:featuredmedia":[{"embeddable":true,"href":"https:\/\/agrodiamant.ro\/index.php\/wp-json\/wp\/v2\/media\/4933"}],"wp:attachment":[{"href":"https:\/\/agrodiamant.ro\/index.php\/wp-json\/wp\/v2\/media?parent=4929"}],"wp:term":[{"taxonomy":"product_brand","embeddable":true,"href":"https:\/\/agrodiamant.ro\/index.php\/wp-json\/wp\/v2\/product_brand?post=4929"},{"taxonomy":"product_cat","embeddable":true,"href":"https:\/\/agrodiamant.ro\/index.php\/wp-json\/wp\/v2\/product_cat?post=4929"},{"taxonomy":"product_tag","embeddable":true,"href":"https:\/\/agrodiamant.ro\/index.php\/wp-json\/wp\/v2\/product_tag?post=4929"}],"curies":[{"name":"wp","href":"https:\/\/api.w.org\/{rel}","templated":true}]}}