{"id":4982,"date":"2025-03-26T12:20:15","date_gmt":"2025-03-26T12:20:15","guid":{"rendered":"https:\/\/agrodiamant.ro\/?post_type=product&#038;p=4982"},"modified":"2025-04-02T12:55:58","modified_gmt":"2025-04-02T12:55:58","slug":"pompa-de-apa-pentru-irigare-koshin-hidels-model-se-50x-cu-motor-honda","status":"publish","type":"product","link":"https:\/\/agrodiamant.ro\/index.php\/product\/pompa-de-apa-pentru-irigare-koshin-hidels-model-se-50x-cu-motor-honda\/","title":{"rendered":"Pompa de apa pentru irigare KOSHIN HIDELS model SE-50X cu motor HONDA"},"content":{"rendered":"","protected":false},"excerpt":{"rendered":"<p><u>KOSHIN HIDELS SEH-50X este o pomp\u0103 japonez\u0103 de cu ie\u0219ire de 2&#8243; de \u00eenalt\u0103 calitate de la Koshin Ltd. Japan.\u00a0<\/u><\/p>\n<p>Aceasta poate transporta pentru ap\u0103 cu particule solide de p\u00e2n\u0103 la 3 mm. Aceast\u0103 pomp\u0103 centrifug\u0103 este protejat\u0103 de un cadru robust de \u021beav\u0103 \u00eendoita la cald. SEH-50X este echipat cu\u00a0<strong>motor Honda GX120<\/strong>.<\/p>\n<p>Carcasa pompei este din aluminiu turnat sub presiune. Rotorul si carcasa acestuia (ansamblul paletei) sunt fabricate din fonta si garnitura utilizata este fabricata din carbon ceramic. Astfel se asigura o durata de viat\u0103 si durabilitate \u00eendelungata.<\/p>\n<p>Volumul de livrare al acestei pompe japoneze este de\u00a0<strong>600 L\/min<\/strong>, sau o\u00a0<strong>\u00een\u0103l\u021bime totala de pana la 30m<\/strong>. Produsul are o\u00a0<strong>intrare \u0219i o ie\u0219ire de 2 inchi<\/strong>, carcas\u0103 din aluminiu turnat sub presiune, motor robust \u00een patru timpi, alert\u0103 de nivel sc\u0103zut de ulei, rezervor de combustibil de 2 litri, unealt\u0103 pentru motor, un filtru, 2 cuplaje pentru furtun \u0219i trei benzi pentru furtun.<\/p>\n<p>&nbsp;<\/p>\n<p><strong>Specifica\u021bii<\/strong><\/p>\n<ul>\n<li>Tara de fabrica\u021bie\u00a0Japonia<\/li>\n<li>Diametrul de conectare (mm): 50<\/li>\n<li>Volumul de livrare (L\/min): 600<\/li>\n<li>\u00cen\u0103l\u021bimea total\u0103 (m): 30<\/li>\n<li>Volum evacuare (ccm): 118<\/li>\n<li>Capacitate rezervor de combustibil (L): 2<\/li>\n<li>Motor Honda GX: 120<\/li>\n<li>Tip motor &#8211; Motor pe benzin\u0103 \u00een 4 timpi cu r\u0103cire for\u021bat\u0103 cu aer<\/li>\n<li>Max. Putere: 2,6 kW (3,5 PS) \/ 3600 rpm<\/li>\n<li>Filet de conectare<\/li>\n<li>Filet exterior al conductei<\/li>\n<li><strong>PRET &#8211; 2500RON<\/strong><\/li>\n<\/ul>\n","protected":false},"featured_media":4983,"template":"","meta":[],"product_brand":[],"product_cat":[538,512],"product_tag":[],"class_list":{"0":"post-4982","1":"product","2":"type-product","3":"status-publish","4":"has-post-thumbnail","6":"product_cat-utilaje-agricole","7":"product_cat-accesorii-utialje-noi","9":"first","10":"instock","11":"taxable","12":"shipping-taxable","13":"product-type-simple"},"jetpack_sharing_enabled":true,"_links":{"self":[{"href":"https:\/\/agrodiamant.ro\/index.php\/wp-json\/wp\/v2\/product\/4982","targetHints":{"allow":["GET"]}}],"collection":[{"href":"https:\/\/agrodiamant.ro\/index.php\/wp-json\/wp\/v2\/product"}],"about":[{"href":"https:\/\/agrodiamant.ro\/index.php\/wp-json\/wp\/v2\/types\/product"}],"wp:featuredmedia":[{"embeddable":true,"href":"https:\/\/agrodiamant.ro\/index.php\/wp-json\/wp\/v2\/media\/4983"}],"wp:attachment":[{"href":"https:\/\/agrodiamant.ro\/index.php\/wp-json\/wp\/v2\/media?parent=4982"}],"wp:term":[{"taxonomy":"product_brand","embeddable":true,"href":"https:\/\/agrodiamant.ro\/index.php\/wp-json\/wp\/v2\/product_brand?post=4982"},{"taxonomy":"product_cat","embeddable":true,"href":"https:\/\/agrodiamant.ro\/index.php\/wp-json\/wp\/v2\/product_cat?post=4982"},{"taxonomy":"product_tag","embeddable":true,"href":"https:\/\/agrodiamant.ro\/index.php\/wp-json\/wp\/v2\/product_tag?post=4982"}],"curies":[{"name":"wp","href":"https:\/\/api.w.org\/{rel}","templated":true}]}}