{"id":5005,"date":"2025-03-26T14:19:12","date_gmt":"2025-03-26T14:19:12","guid":{"rendered":"https:\/\/agrodiamant.ro\/?post_type=product&#038;p=5005"},"modified":"2025-04-02T12:55:31","modified_gmt":"2025-04-02T12:55:31","slug":"set-lame-furci-pentru-paleti-120x80x40-pentru-incarcatoare-frontale-cu-prindere-euro","status":"publish","type":"product","link":"https:\/\/agrodiamant.ro\/index.php\/product\/set-lame-furci-pentru-paleti-120x80x40-pentru-incarcatoare-frontale-cu-prindere-euro\/","title":{"rendered":"Set lame + furci pentru pale\u021bi 120x80x40 pentru \u00eenc\u0103rc\u0103toare frontale cu prindere EURO"},"content":{"rendered":"","protected":false},"excerpt":{"rendered":"<p><u>AgroDiamant comercializeaz\u0103 furci pentru paleti.<\/u><\/p>\n<p><strong>Dimensiuni:<\/strong><\/p>\n<ul>\n<li>&#8211; Lungime lama -cm- 120<\/li>\n<li>&#8211; Grosime lam\u0103 -mm- 30<\/li>\n<li>&#8211;\u00a0L\u0103\u021bime\u00a0cadru -cm- 80<\/li>\n<li>&#8211; \u00cen\u0103l\u021bime cadru -cm- 40<\/li>\n<\/ul>\n<p><strong>Capacitate de ridicare -kg- 2000<\/strong><\/p>\n<p><strong>\u00cen cadru se pot \u00eenfiletat \u021bepu\u0219e. <\/strong><strong>\u021aepu\u0219ele prezentate \u00een poze nu vin standard, sunt op\u021bionale.<\/strong><\/p>\n<p><strong>Prindere EURO:<\/strong><\/p>\n<ul>\n<li>distanta intre c\u00e2rligele superioare -mm- 1055<\/li>\n<li>grosime c\u00e2rlig superior -mm- 40<\/li>\n<li>diametru c\u00e2rlig superior -mm- 40<\/li>\n<li>distan\u021ba \u00eentre inelele inferioare -mm- 755<\/li>\n<li>grosime inele inferioare -mm- 15<\/li>\n<li>diametru inel inferior -mm- 25<\/li>\n<\/ul>\n","protected":false},"featured_media":5010,"template":"","meta":[],"product_brand":[],"product_cat":[538,512],"product_tag":[],"class_list":{"0":"post-5005","1":"product","2":"type-product","3":"status-publish","4":"has-post-thumbnail","6":"product_cat-utilaje-agricole","7":"product_cat-accesorii-utialje-noi","9":"first","10":"instock","11":"taxable","12":"shipping-taxable","13":"product-type-simple"},"jetpack_sharing_enabled":true,"_links":{"self":[{"href":"https:\/\/agrodiamant.ro\/index.php\/wp-json\/wp\/v2\/product\/5005","targetHints":{"allow":["GET"]}}],"collection":[{"href":"https:\/\/agrodiamant.ro\/index.php\/wp-json\/wp\/v2\/product"}],"about":[{"href":"https:\/\/agrodiamant.ro\/index.php\/wp-json\/wp\/v2\/types\/product"}],"wp:featuredmedia":[{"embeddable":true,"href":"https:\/\/agrodiamant.ro\/index.php\/wp-json\/wp\/v2\/media\/5010"}],"wp:attachment":[{"href":"https:\/\/agrodiamant.ro\/index.php\/wp-json\/wp\/v2\/media?parent=5005"}],"wp:term":[{"taxonomy":"product_brand","embeddable":true,"href":"https:\/\/agrodiamant.ro\/index.php\/wp-json\/wp\/v2\/product_brand?post=5005"},{"taxonomy":"product_cat","embeddable":true,"href":"https:\/\/agrodiamant.ro\/index.php\/wp-json\/wp\/v2\/product_cat?post=5005"},{"taxonomy":"product_tag","embeddable":true,"href":"https:\/\/agrodiamant.ro\/index.php\/wp-json\/wp\/v2\/product_tag?post=5005"}],"curies":[{"name":"wp","href":"https:\/\/api.w.org\/{rel}","templated":true}]}}