{"id":5074,"date":"2025-03-26T17:56:02","date_gmt":"2025-03-26T17:56:02","guid":{"rendered":"https:\/\/agrodiamant.ro\/?post_type=product&#038;p=5074"},"modified":"2025-04-02T12:52:03","modified_gmt":"2025-04-02T12:52:03","slug":"masina-de-scos-cartofi-pe-1-rand-cu-descarcare-pe-spate-bomet-ursa","status":"publish","type":"product","link":"https:\/\/agrodiamant.ro\/index.php\/product\/masina-de-scos-cartofi-pe-1-rand-cu-descarcare-pe-spate-bomet-ursa\/","title":{"rendered":"Ma\u0219in\u0103 de scos cartofi pe 1 r\u00e2nd cu desc\u0103rcare pe spate BOMET URSA"},"content":{"rendered":"","protected":false},"excerpt":{"rendered":"<p><u>AgroDiamant comercializeaza echipamante BOMET.<\/u>\u00a0Distribuim produsele acestora, reu\u0219ind s\u0103 oferim asisten\u021b\u0103 tehnic\u0103 precum \u0219i piese de schimb. Pe site-ul nostru g\u0103si\u021bi o parte din oferta produc\u0103torul polonez.<\/p>\n<p>Utilajul este conceput pentru a fi montata pe tractoare mici echipate cu sistem de prindere in trei puncte cat I.<\/p>\n<p><strong>Caracteristici tehnice<\/strong><\/p>\n<ul>\n<li>Nr de r\u00e2nduri\u00a0&#8211; 1<\/li>\n<li>Adancime de lucru -cm- pana la 20<\/li>\n<li>Latime de lucru -cm- 45<\/li>\n<li>Masa utilajului -kg- 135<\/li>\n<li>Putere -CP- 10<\/li>\n<\/ul>\n<p><strong>Modul de func\u021bionare<\/strong><\/p>\n<p>Ma\u0219ina este alc\u0103tuita dintr-o sapa vibranta cu ad\u00e2ncime reglabil\u0103 care sapa cartofii cu tot cu p\u0103m\u00e2nt, urm\u00e2nd sa fie separa\u021bi de acesta pe gr\u0103tarul vibrant. Ad\u00e2ncimea de s\u0103pare este reglat\u0103 de ro\u021bile de sprijin din spate. Intensitatea cernerii poate fi m\u0103rit\u0103 prin reglarea \u00eenclin\u0103rii gr\u0103tarului de cernere.<\/p>\n<p>Toate elementele vibratoare sunt deplasate de un mecanism cu manivel\u0103 (un excentric) antrenat de la arborele cardanic al tractorului. Punctele de \u00eembinare ale elementelor vibrante sunt echipate cu buc\u0219e de cauciuc &#8211; simerblocks &#8211; care permit stabilitatea ma\u0219inii \u00een timpul func\u021bion\u0103rii. Dimensiunile sale reduse permit utilizarea ma\u0219inii pe terenuri mici, zone plate sau deluroase.<\/p>\n","protected":false},"featured_media":5082,"template":"","meta":[],"product_brand":[],"product_cat":[538,525,505],"product_tag":[],"class_list":{"0":"post-5074","1":"product","2":"type-product","3":"status-publish","4":"has-post-thumbnail","6":"product_cat-utilaje-agricole","7":"product_cat-extraxtoare-legum-utilaje-noi","8":"product_cat-masini-legumicole","10":"first","11":"instock","12":"taxable","13":"shipping-taxable","14":"product-type-simple"},"jetpack_sharing_enabled":true,"_links":{"self":[{"href":"https:\/\/agrodiamant.ro\/index.php\/wp-json\/wp\/v2\/product\/5074","targetHints":{"allow":["GET"]}}],"collection":[{"href":"https:\/\/agrodiamant.ro\/index.php\/wp-json\/wp\/v2\/product"}],"about":[{"href":"https:\/\/agrodiamant.ro\/index.php\/wp-json\/wp\/v2\/types\/product"}],"wp:featuredmedia":[{"embeddable":true,"href":"https:\/\/agrodiamant.ro\/index.php\/wp-json\/wp\/v2\/media\/5082"}],"wp:attachment":[{"href":"https:\/\/agrodiamant.ro\/index.php\/wp-json\/wp\/v2\/media?parent=5074"}],"wp:term":[{"taxonomy":"product_brand","embeddable":true,"href":"https:\/\/agrodiamant.ro\/index.php\/wp-json\/wp\/v2\/product_brand?post=5074"},{"taxonomy":"product_cat","embeddable":true,"href":"https:\/\/agrodiamant.ro\/index.php\/wp-json\/wp\/v2\/product_cat?post=5074"},{"taxonomy":"product_tag","embeddable":true,"href":"https:\/\/agrodiamant.ro\/index.php\/wp-json\/wp\/v2\/product_tag?post=5074"}],"curies":[{"name":"wp","href":"https:\/\/api.w.org\/{rel}","templated":true}]}}