{"id":5115,"date":"2025-03-27T07:42:31","date_gmt":"2025-03-27T07:42:31","guid":{"rendered":"https:\/\/agrodiamant.ro\/?post_type=product&#038;p=5115"},"modified":"2025-04-02T12:50:22","modified_gmt":"2025-04-02T12:50:22","slug":"masina-de-scos-cartofi-pe-1-rand-akpil-bulwa-i","status":"publish","type":"product","link":"https:\/\/agrodiamant.ro\/index.php\/product\/masina-de-scos-cartofi-pe-1-rand-akpil-bulwa-i\/","title":{"rendered":"Ma\u0219in\u0103 de scos cartofi pe 1 r\u00e2nd AKPIL BULWA I"},"content":{"rendered":"","protected":false},"excerpt":{"rendered":"<p><u>AgroDiamant este dealer AKPIL.<\/u>\u00a0Distribuim produsele acestora, reu\u0219ind s\u0103 oferim asisten\u021b\u0103 tehnic\u0103 precum \u0219i piese de schimb pentru acestea. Pe site-ul nostru g\u0103si\u021bi o parte din oferta produc\u0103torul polonez. \u00centreaga gam\u0103 de produse AKPIL o pute\u021bi vedea d\u00e2nd\u00a0<a href=\"https:\/\/www.akpil.pl\/en\/agricultural-machinery\/\">click aici<\/a>. Putem aduce pe comanda orice utilaj din oferta acestora.<\/p>\n<p><strong>Caracteristici tehnice<\/strong><\/p>\n<ul>\n<li>Lungime banda transportoare -mm- 1350<\/li>\n<li>Putere -CP- 25<\/li>\n<li>Masa 235kg<\/li>\n<li>Pentru biloane cu o l\u0103\u021bime intre \u00a0-cm- 62.5 &#8211; 67.5;<\/li>\n<\/ul>\n","protected":false},"featured_media":5120,"template":"","meta":[],"product_brand":[],"product_cat":[538,525,505],"product_tag":[],"class_list":{"0":"post-5115","1":"product","2":"type-product","3":"status-publish","4":"has-post-thumbnail","6":"product_cat-utilaje-agricole","7":"product_cat-extraxtoare-legum-utilaje-noi","8":"product_cat-masini-legumicole","10":"first","11":"instock","12":"taxable","13":"shipping-taxable","14":"product-type-simple"},"jetpack_sharing_enabled":true,"_links":{"self":[{"href":"https:\/\/agrodiamant.ro\/index.php\/wp-json\/wp\/v2\/product\/5115","targetHints":{"allow":["GET"]}}],"collection":[{"href":"https:\/\/agrodiamant.ro\/index.php\/wp-json\/wp\/v2\/product"}],"about":[{"href":"https:\/\/agrodiamant.ro\/index.php\/wp-json\/wp\/v2\/types\/product"}],"wp:featuredmedia":[{"embeddable":true,"href":"https:\/\/agrodiamant.ro\/index.php\/wp-json\/wp\/v2\/media\/5120"}],"wp:attachment":[{"href":"https:\/\/agrodiamant.ro\/index.php\/wp-json\/wp\/v2\/media?parent=5115"}],"wp:term":[{"taxonomy":"product_brand","embeddable":true,"href":"https:\/\/agrodiamant.ro\/index.php\/wp-json\/wp\/v2\/product_brand?post=5115"},{"taxonomy":"product_cat","embeddable":true,"href":"https:\/\/agrodiamant.ro\/index.php\/wp-json\/wp\/v2\/product_cat?post=5115"},{"taxonomy":"product_tag","embeddable":true,"href":"https:\/\/agrodiamant.ro\/index.php\/wp-json\/wp\/v2\/product_tag?post=5115"}],"curies":[{"name":"wp","href":"https:\/\/api.w.org\/{rel}","templated":true}]}}