{"id":5340,"date":"2025-03-28T11:54:01","date_gmt":"2025-03-28T11:54:01","guid":{"rendered":"https:\/\/agrodiamant.ro\/?post_type=product&#038;p=5340"},"modified":"2025-04-02T12:36:45","modified_gmt":"2025-04-02T12:36:45","slug":"zanon-tfa-tocator-resturi-vegetale-o-5-6cm-tractoare-intre-30-90-cp","status":"publish","type":"product","link":"https:\/\/agrodiamant.ro\/index.php\/product\/zanon-tfa-tocator-resturi-vegetale-o-5-6cm-tractoare-intre-30-90-cp\/","title":{"rendered":"ZANON TFA &#8211; Toc\u0103tor resturi vegetale (\u00f8 5-6cm) compatibil cu palpator \u2013 tractoare intre 30 \u2013 90 CP"},"content":{"rendered":"","protected":false},"excerpt":{"rendered":"<p><u>AgroDiamant este dealer ZANON.<\/u>\u00a0Distribuim produsele acestora, reu\u0219ind s\u0103 oferim asisten\u021b\u0103 tehnic\u0103 precum \u0219i piese de schimb pentru acestea. Pe site-ul nostru g\u0103si\u021bi o parte din oferta produc\u0103torul italian. \u00centreaga gam\u0103 de produse ZANON o pute\u021bi vedea d\u00e2nd\u00a0<a href=\"https:\/\/www.zanon.it\/en\/\">click aici<\/a>. Putem aduce pe comanda orice utilaj din oferta acestora.<\/p>\n<p><strong>Tocatorul TFA<\/strong> este ideal pentru tocarea crengu\u021belor, iarbii, tufi\u0219urilor, f\u00e2nului \u0219i multe altele. Are un cadru robust din o\u021bel, cu <strong>margini laterale rotunjite<\/strong>, astfel poate fi folosit in pepiniere si podgorii f\u0103r\u0103 a provoca daune la impact. In plus, ulterior acest toc\u0103tor\u00a0<strong>poate fi echipat cu echipamente palpatoare:<\/strong><\/p>\n<ul>\n<li><a href=\"https:\/\/agrodiamant.ro\/index.php\/product\/zanon-it-m-cositoare-laterala-palpator-cu-arc-pentru-tocatoarele-zanon\/\">cositoare laterala palpatoare ZANON IT-M<\/a><\/li>\n<li><a href=\"https:\/\/agrodiamant.ro\/index.php\/product\/zanon-it-cositoare-laterala-palpatoare-echipament-pentru-tocatoarele-zanon\/\">cositoare laterala palpatoare ZANON IT<\/a><\/li>\n<li><a href=\"https:\/\/agrodiamant.ro\/index.php\/product\/zanon-it-pro-cositoare-laterala-palpatoare-echipament-pentru-tocatoarele-zanon\/\">cositoare laterala palpatoare ZANON IT-PRO<\/a><\/li>\n<li><a href=\"https:\/\/agrodiamant.ro\/index.php\/product\/zanon-dmi-tocator-cu-fir-echipament-palpator-pentru-tocatoarele-zanon\/\">cositoare laterala palpatoare ZANON DMI<\/a><\/li>\n<\/ul>\n","protected":false},"featured_media":5348,"template":"","meta":[],"product_brand":[],"product_cat":[538,506,510],"product_tag":[],"class_list":{"0":"post-5340","1":"product","2":"type-product","3":"status-publish","4":"has-post-thumbnail","6":"product_cat-utilaje-agricole","7":"product_cat-horticol-viticol","8":"product_cat-tocatoriv-utilaje-noi","10":"first","11":"instock","12":"taxable","13":"shipping-taxable","14":"product-type-simple"},"jetpack_sharing_enabled":true,"_links":{"self":[{"href":"https:\/\/agrodiamant.ro\/index.php\/wp-json\/wp\/v2\/product\/5340","targetHints":{"allow":["GET"]}}],"collection":[{"href":"https:\/\/agrodiamant.ro\/index.php\/wp-json\/wp\/v2\/product"}],"about":[{"href":"https:\/\/agrodiamant.ro\/index.php\/wp-json\/wp\/v2\/types\/product"}],"wp:featuredmedia":[{"embeddable":true,"href":"https:\/\/agrodiamant.ro\/index.php\/wp-json\/wp\/v2\/media\/5348"}],"wp:attachment":[{"href":"https:\/\/agrodiamant.ro\/index.php\/wp-json\/wp\/v2\/media?parent=5340"}],"wp:term":[{"taxonomy":"product_brand","embeddable":true,"href":"https:\/\/agrodiamant.ro\/index.php\/wp-json\/wp\/v2\/product_brand?post=5340"},{"taxonomy":"product_cat","embeddable":true,"href":"https:\/\/agrodiamant.ro\/index.php\/wp-json\/wp\/v2\/product_cat?post=5340"},{"taxonomy":"product_tag","embeddable":true,"href":"https:\/\/agrodiamant.ro\/index.php\/wp-json\/wp\/v2\/product_tag?post=5340"}],"curies":[{"name":"wp","href":"https:\/\/api.w.org\/{rel}","templated":true}]}}