{"id":5872,"date":"2025-04-01T12:25:14","date_gmt":"2025-04-01T12:25:14","guid":{"rendered":"https:\/\/agrodiamant.ro\/?post_type=product&#038;p=5872"},"modified":"2025-04-02T16:39:31","modified_gmt":"2025-04-02T16:39:31","slug":"oferta-akpil-km180-max-plug-reversibil-profesional-4-31-sectii-echipat-cu-roata-de-transport-tractoare-incepand-cu-130cp","status":"publish","type":"product","link":"https:\/\/agrodiamant.ro\/index.php\/product\/oferta-akpil-km180-max-plug-reversibil-profesional-4-31-sectii-echipat-cu-roata-de-transport-tractoare-incepand-cu-130cp\/","title":{"rendered":"!!!OFERT\u0102!!! AKPIL KM180 MAX &#8211; Plug reversibil profesional 4 (3+1) sec\u021bii &#8211; echipat cu roata de transport &#8211; tractoare \u00eencep\u00e2nd cu 130CP &#8211; 4buc. \u00een stock"},"content":{"rendered":"","protected":false},"excerpt":{"rendered":"<p><u>AgroDiamant este dealer AKPIL.<\/u>\u00a0Distribuim produsele acestora, reu\u0219ind s\u0103 oferim asisten\u021b\u0103 tehnic\u0103 precum \u0219i piese de schimb pentru acestea. Pe site-ul nostru g\u0103si\u021bi o parte din oferta produc\u0103torul polonez. \u00centreaga gam\u0103 de produse AKPIL o pute\u021bi vedea d\u00e2nd\u00a0<a href=\"https:\/\/www.akpil.pl\/en\/agricultural-machinery\/\">click aici<\/a>. Putem aduce pe comanda orice utilaj din oferta acestora.<\/p>\n<p><em><strong>OFERTA \u2013 AKPIL KM180 MAX &#8211; PLUG REVERSIBIL PREOFESIONAL 4 (3+1) sec\u021bii + ROATA DE TRANSPORT \u2013 4buc. \u00een stock<\/strong><\/em><\/p>\n<p><b><span lang=\"EN-US\" style=\"font-size: 13.0pt; font-family: Roboto; color: red;\"><strong><strong><em><b><span lang=\"EN-US\">\u2013 PRE\u021a \u2013 12.000 EUR + TVA<\/span><\/b><\/em><\/strong> (Reducere de 20% din pre\u021bul de list\u0103 de 14.400 EUR + TVA)<br \/>\n<\/strong><\/span><\/b><\/p>\n<p><strong><br \/>\nAkpil MAX KM180<\/strong> este conceput pentru tractoare de mari dimensiuni. Plugurile pe care le avem \u00een stock sunt echipate cu roata de transport montat\u0103 posterior (model\u00a0\u00a0KTT\u00a0) &#8211; o echipare op\u021bional\u0103, mult mai eficient\u0103 \u0219i mai practic\u0103 dec\u00e2t roata de copiere a terenului montat\u0103 lateral care este oferit\u0103 STANDARD.<\/p>\n<p>Metalul tratat, folosit \u00een fabricarea utilajului, este protejat \u00eenaintea\u00a0vopsirii realizat\u0103 \u00een c\u00e2mp\u00a0electrostatic cu un strat de grund. Aceasta tehnic\u0103\u00a0ofer\u0103\u00a0plugului o rezistenta superioara \u00eempotriva\u00a0coroziunii.<\/p>\n","protected":false},"featured_media":5857,"template":"","meta":[],"product_brand":[],"product_cat":[538,502,517],"product_tag":[],"class_list":{"0":"post-5872","1":"product","2":"type-product","3":"status-publish","4":"has-post-thumbnail","6":"product_cat-utilaje-agricole","7":"product_cat-prelucrarea-solului","8":"product_cat-pluguri-utilaje-noi","10":"first","11":"instock","12":"taxable","13":"shipping-taxable","14":"product-type-simple"},"jetpack_sharing_enabled":true,"_links":{"self":[{"href":"https:\/\/agrodiamant.ro\/index.php\/wp-json\/wp\/v2\/product\/5872","targetHints":{"allow":["GET"]}}],"collection":[{"href":"https:\/\/agrodiamant.ro\/index.php\/wp-json\/wp\/v2\/product"}],"about":[{"href":"https:\/\/agrodiamant.ro\/index.php\/wp-json\/wp\/v2\/types\/product"}],"wp:featuredmedia":[{"embeddable":true,"href":"https:\/\/agrodiamant.ro\/index.php\/wp-json\/wp\/v2\/media\/5857"}],"wp:attachment":[{"href":"https:\/\/agrodiamant.ro\/index.php\/wp-json\/wp\/v2\/media?parent=5872"}],"wp:term":[{"taxonomy":"product_brand","embeddable":true,"href":"https:\/\/agrodiamant.ro\/index.php\/wp-json\/wp\/v2\/product_brand?post=5872"},{"taxonomy":"product_cat","embeddable":true,"href":"https:\/\/agrodiamant.ro\/index.php\/wp-json\/wp\/v2\/product_cat?post=5872"},{"taxonomy":"product_tag","embeddable":true,"href":"https:\/\/agrodiamant.ro\/index.php\/wp-json\/wp\/v2\/product_tag?post=5872"}],"curies":[{"name":"wp","href":"https:\/\/api.w.org\/{rel}","templated":true}]}}