{"id":5940,"date":"2025-04-02T09:40:06","date_gmt":"2025-04-02T09:40:06","guid":{"rendered":"https:\/\/agrodiamant.ro\/?post_type=product&#038;p=5940"},"modified":"2025-04-02T12:11:25","modified_gmt":"2025-04-02T12:11:25","slug":"terra-disc-cu-talere-independente-si-tavalug-strumyk-tiger-junior-latimi-de-lucru-intre-1-4-3-0m-tractoare-12-90cp","status":"publish","type":"product","link":"https:\/\/agrodiamant.ro\/index.php\/product\/terra-disc-cu-talere-independente-si-tavalug-strumyk-tiger-junior-latimi-de-lucru-intre-1-4-3-0m-tractoare-12-90cp\/","title":{"rendered":"Terra Disc cu talere independente \u0219i t\u0103v\u0103lug &#8211; STRUMYK TIGER JUNIOR &#8211; l\u0103\u021bimi de lucru \u00eentre 1.4 &#8211; 3.0m &#8211; tractoare 12-90CP"},"content":{"rendered":"","protected":false},"excerpt":{"rendered":"<p><u>AgroDiamant este dealer STRUMYK.<\/u>\u00a0Distribuim produsele acestora, reu\u0219ind s\u0103 oferim asisten\u021b\u0103 tehnic\u0103 precum \u0219i piese de schimb pentru utilajele acestora. Pe site-ul nostru g\u0103si\u021bi o parte din oferta produc\u0103torul polonez.<\/p>\n<p><strong>Strumyk TIGER<\/strong> este un disc fabricat pentru tractoare cu puteri cuprinse\u00a0intre 70 \u0219i 160 CP. Discurile pot veni in diferite culori &#8211; RO\u0218U &#8211; ALBASTRU &#8211; GRI &#8211; etc.<\/p>\n","protected":false},"featured_media":5948,"template":"","meta":[],"product_brand":[],"product_cat":[538,514,502],"product_tag":[],"class_list":{"0":"post-5940","1":"product","2":"type-product","3":"status-publish","4":"has-post-thumbnail","6":"product_cat-utilaje-agricole","7":"product_cat-discuri-utilaje-noi","8":"product_cat-prelucrarea-solului","10":"first","11":"instock","12":"taxable","13":"shipping-taxable","14":"product-type-simple"},"jetpack_sharing_enabled":true,"_links":{"self":[{"href":"https:\/\/agrodiamant.ro\/index.php\/wp-json\/wp\/v2\/product\/5940","targetHints":{"allow":["GET"]}}],"collection":[{"href":"https:\/\/agrodiamant.ro\/index.php\/wp-json\/wp\/v2\/product"}],"about":[{"href":"https:\/\/agrodiamant.ro\/index.php\/wp-json\/wp\/v2\/types\/product"}],"wp:featuredmedia":[{"embeddable":true,"href":"https:\/\/agrodiamant.ro\/index.php\/wp-json\/wp\/v2\/media\/5948"}],"wp:attachment":[{"href":"https:\/\/agrodiamant.ro\/index.php\/wp-json\/wp\/v2\/media?parent=5940"}],"wp:term":[{"taxonomy":"product_brand","embeddable":true,"href":"https:\/\/agrodiamant.ro\/index.php\/wp-json\/wp\/v2\/product_brand?post=5940"},{"taxonomy":"product_cat","embeddable":true,"href":"https:\/\/agrodiamant.ro\/index.php\/wp-json\/wp\/v2\/product_cat?post=5940"},{"taxonomy":"product_tag","embeddable":true,"href":"https:\/\/agrodiamant.ro\/index.php\/wp-json\/wp\/v2\/product_tag?post=5940"}],"curies":[{"name":"wp","href":"https:\/\/api.w.org\/{rel}","templated":true}]}}