{"id":6088,"date":"2025-04-02T14:57:15","date_gmt":"2025-04-02T14:57:15","guid":{"rendered":"https:\/\/agrodiamant.ro\/?post_type=product&#038;p=6088"},"modified":"2025-04-02T15:14:48","modified_gmt":"2025-04-02T15:14:48","slug":"zanon-cse-echipamente-palpatoare-usoare","status":"publish","type":"product","link":"https:\/\/agrodiamant.ro\/index.php\/product\/zanon-cse-echipamente-palpatoare-usoare\/","title":{"rendered":"ZANON CSE &#8211; Echipamente palpatoare u\u0219oare"},"content":{"rendered":"","protected":false},"excerpt":{"rendered":"<p><u>AgroDiamant este dealer ZANON.<\/u>\u00a0Distribuim produsele acestora, reu\u0219ind s\u0103 oferim asisten\u021b\u0103 tehnic\u0103 precum \u0219i piese de schimb pentru acestea. Pe site-ul nostru g\u0103si\u021bi o parte din oferta produc\u0103torul italian. \u00centreaga gam\u0103 de produse ZANON o pute\u021bi vedea d\u00e2nd\u00a0<a href=\"https:\/\/www.zanon.it\/en\/\">click aici<\/a>. Putem aduce pe comanda orice utilaj din oferta acestora.<\/p>\n<p><strong>Zanon CSE<\/strong> reprezint\u0103\u00a0gama de palpatoare u\u0219oare oferite de cei de la ZANON. Acestea sunt utilaje de start, produc\u0103torul\u00a0complet\u00e2nd\u00a0oferta sa cu palpatoare mai performate precum modelul semiprofesional\u00a0<a href=\"https:\/\/agrodiamant.ro\/index.php\/product\/zanon-cst-base-echipamente-palpatoare-semiprofesioanle\/\">ZANON CST BASE<\/a>\u00a0si cel profesional\u00a0<a href=\"https:\/\/agrodiamant.ro\/index.php\/product\/zanon-cst-pro-echipamente-palpatoare-profesionale-pompa-hidraulica-si-rezervor-propriu-de-ulei\/\">ZANON CST PRO<\/a>.<\/p>\n","protected":false},"featured_media":6101,"template":"","meta":[],"product_brand":[],"product_cat":[538,526,506],"product_tag":[],"class_list":{"0":"post-6088","1":"product","2":"type-product","3":"status-publish","4":"has-post-thumbnail","6":"product_cat-utilaje-agricole","7":"product_cat-palpatoare-utilaje-noi","8":"product_cat-horticol-viticol","10":"first","11":"instock","12":"taxable","13":"shipping-taxable","14":"product-type-simple"},"jetpack_sharing_enabled":true,"_links":{"self":[{"href":"https:\/\/agrodiamant.ro\/index.php\/wp-json\/wp\/v2\/product\/6088","targetHints":{"allow":["GET"]}}],"collection":[{"href":"https:\/\/agrodiamant.ro\/index.php\/wp-json\/wp\/v2\/product"}],"about":[{"href":"https:\/\/agrodiamant.ro\/index.php\/wp-json\/wp\/v2\/types\/product"}],"wp:featuredmedia":[{"embeddable":true,"href":"https:\/\/agrodiamant.ro\/index.php\/wp-json\/wp\/v2\/media\/6101"}],"wp:attachment":[{"href":"https:\/\/agrodiamant.ro\/index.php\/wp-json\/wp\/v2\/media?parent=6088"}],"wp:term":[{"taxonomy":"product_brand","embeddable":true,"href":"https:\/\/agrodiamant.ro\/index.php\/wp-json\/wp\/v2\/product_brand?post=6088"},{"taxonomy":"product_cat","embeddable":true,"href":"https:\/\/agrodiamant.ro\/index.php\/wp-json\/wp\/v2\/product_cat?post=6088"},{"taxonomy":"product_tag","embeddable":true,"href":"https:\/\/agrodiamant.ro\/index.php\/wp-json\/wp\/v2\/product_tag?post=6088"}],"curies":[{"name":"wp","href":"https:\/\/api.w.org\/{rel}","templated":true}]}}