{"id":6125,"date":"2025-04-03T09:19:06","date_gmt":"2025-04-03T09:19:06","guid":{"rendered":"https:\/\/agrodiamant.ro\/?post_type=product&#038;p=6125"},"modified":"2025-04-03T09:49:26","modified_gmt":"2025-04-03T09:49:26","slug":"zanon-cst-pro-echipamente-palpatoare-profesionale-pompa-hidraulica-si-rezervor-propriu-de-ulei-copie","status":"publish","type":"product","link":"https:\/\/agrodiamant.ro\/index.php\/product\/zanon-cst-pro-echipamente-palpatoare-profesionale-pompa-hidraulica-si-rezervor-propriu-de-ulei-copie\/","title":{"rendered":"ZANON DCV &#8211; Scarificator pentru vie cu sistem de fertilizare &#8211; l\u0103\u021bimi \u00eentre 1.4-1.8m &#8211; tractoare 60-100CP"},"content":{"rendered":"","protected":false},"excerpt":{"rendered":"<p><u>AgroDiamant este dealer ZANON.<\/u>\u00a0Distribuim produsele acestora, reu\u0219ind s\u0103 oferim asisten\u021b\u0103 tehnic\u0103 precum \u0219i piese de schimb pentru acestea. Pe site-ul nostru g\u0103si\u021bi o parte din oferta produc\u0103torul italian. \u00centreaga gam\u0103 de produse ZANON o pute\u021bi vedea d\u00e2nd\u00a0<a href=\"https:\/\/www.zanon.it\/en\/\">click aici<\/a>. Putem aduce pe comanda orice utilaj din oferta acestora.<\/p>\n<p><strong>Subsolierul ZANON DCV<\/strong> este conceput \u00een primul r\u00e2nd pentru vii \u0219i livezi. Lucr\u00e2nd cu acest utilaj ve\u021bi cre\u0219te semnificativ capacitatea de drenaj a solului, ve\u021bi men\u021bine nealterat stratul de humus din partea de suprafa\u021b\u0103 a acestuia. Astfel ve\u021bi combate compactarea format\u0103 \u00een urma tranzitului utilajelor.<\/p>\n<p>Cadrul robust sus\u021bine ancorele care pot ajunge pana la 40 cm ad\u00e2ncime de lucru.<\/p>\n","protected":false},"featured_media":6128,"template":"","meta":[],"product_brand":[],"product_cat":[538,527,506],"product_tag":[],"class_list":{"0":"post-6125","1":"product","2":"type-product","3":"status-publish","4":"has-post-thumbnail","6":"product_cat-utilaje-agricole","7":"product_cat-subsoliere-utilaje-noi","8":"product_cat-horticol-viticol","10":"first","11":"instock","12":"taxable","13":"shipping-taxable","14":"product-type-simple"},"jetpack_sharing_enabled":true,"_links":{"self":[{"href":"https:\/\/agrodiamant.ro\/index.php\/wp-json\/wp\/v2\/product\/6125","targetHints":{"allow":["GET"]}}],"collection":[{"href":"https:\/\/agrodiamant.ro\/index.php\/wp-json\/wp\/v2\/product"}],"about":[{"href":"https:\/\/agrodiamant.ro\/index.php\/wp-json\/wp\/v2\/types\/product"}],"wp:featuredmedia":[{"embeddable":true,"href":"https:\/\/agrodiamant.ro\/index.php\/wp-json\/wp\/v2\/media\/6128"}],"wp:attachment":[{"href":"https:\/\/agrodiamant.ro\/index.php\/wp-json\/wp\/v2\/media?parent=6125"}],"wp:term":[{"taxonomy":"product_brand","embeddable":true,"href":"https:\/\/agrodiamant.ro\/index.php\/wp-json\/wp\/v2\/product_brand?post=6125"},{"taxonomy":"product_cat","embeddable":true,"href":"https:\/\/agrodiamant.ro\/index.php\/wp-json\/wp\/v2\/product_cat?post=6125"},{"taxonomy":"product_tag","embeddable":true,"href":"https:\/\/agrodiamant.ro\/index.php\/wp-json\/wp\/v2\/product_tag?post=6125"}],"curies":[{"name":"wp","href":"https:\/\/api.w.org\/{rel}","templated":true}]}}