{"id":6165,"date":"2025-04-03T10:19:13","date_gmt":"2025-04-03T10:19:13","guid":{"rendered":"https:\/\/agrodiamant.ro\/?post_type=product&#038;p=6165"},"modified":"2025-11-22T08:52:38","modified_gmt":"2025-11-22T08:52:38","slug":"oferta-akpil-alpinus-lama-zapada-extensibila-hidraulic-cu-prindere-in-3-puncte-tiranti-latime-3-6-5-0m-tractoare-100-150cp","status":"publish","type":"product","link":"https:\/\/agrodiamant.ro\/index.php\/product\/oferta-akpil-alpinus-lama-zapada-extensibila-hidraulic-cu-prindere-in-3-puncte-tiranti-latime-3-6-5-0m-tractoare-100-150cp\/","title":{"rendered":"!!! OFERT\u0102 !!! AKPIL ALPINUS &#8211; Lam\u0103 z\u0103pad\u0103 extensibil\u0103 hidraulic cu prindere \u00een 3 puncte (tiran\u021bi) &#8211; l\u0103\u021bime 3.6-5.0m &#8211; tractoare 100-150CP &#8211; 1 buc. \u00een stock"},"content":{"rendered":"","protected":false},"excerpt":{"rendered":"<p><u>AgroDiamant este dealer AKPIL.<\/u>\u00a0Distribuim produsele acestora, reu\u0219ind s\u0103 oferim asisten\u021b\u0103 tehnic\u0103 precum \u0219i piese de schimb pentru acestea. Pe site-ul nostru g\u0103si\u021bi o parte din oferta produc\u0103torul polonez. \u00centreaga gam\u0103 de produse AKPIL o pute\u021bi vedea d\u00e2nd\u00a0<a href=\"https:\/\/www.akpil.pl\/en\/agricultural-machinery\/\">click aici<\/a>. Putem aduce pe comanda orice utilaj din oferta acestora.<\/p>\n<p><strong><em><b><span lang=\"EN-US\" style=\"font-size: 13.0pt; font-family: Roboto; color: red;\">\u2013 PRE\u021a \u2013 5.950 EUR + TVA<\/span><\/b><\/em><\/strong> (Reducere de 60% din pre\u021bul de list\u0103 de 9.500 EUR + TVA)<\/p>\n<p><b>Lama pentru z\u0103pad\u0103 AKPIL ALPINUS <\/b>reprezint\u0103 solu\u021bia pe care o ofer\u0103 cei de la AKPIL pentru eliberarea de z\u0103pad\u0103 a pistelor, aleilor, c\u0103ilor de acces, etc.<br \/>\n&#8211; cu o l\u0103\u021bime reglabila hidraulic (minim 315cm \u0219i maxim 500cm) utilajul este versatil \u0219i esen\u021bial \u00een activit\u0103\u021bile de administrare a fermelor pe timp de iarna.<\/p>\n","protected":false},"featured_media":6166,"template":"","meta":[],"product_brand":[],"product_cat":[538,513],"product_tag":[],"class_list":{"0":"post-6165","1":"product","2":"type-product","3":"status-publish","4":"has-post-thumbnail","6":"product_cat-utilaje-agricole","7":"product_cat-alte-utilaje-noi","9":"first","10":"instock","11":"taxable","12":"shipping-taxable","13":"product-type-simple"},"jetpack_sharing_enabled":true,"_links":{"self":[{"href":"https:\/\/agrodiamant.ro\/index.php\/wp-json\/wp\/v2\/product\/6165","targetHints":{"allow":["GET"]}}],"collection":[{"href":"https:\/\/agrodiamant.ro\/index.php\/wp-json\/wp\/v2\/product"}],"about":[{"href":"https:\/\/agrodiamant.ro\/index.php\/wp-json\/wp\/v2\/types\/product"}],"wp:featuredmedia":[{"embeddable":true,"href":"https:\/\/agrodiamant.ro\/index.php\/wp-json\/wp\/v2\/media\/6166"}],"wp:attachment":[{"href":"https:\/\/agrodiamant.ro\/index.php\/wp-json\/wp\/v2\/media?parent=6165"}],"wp:term":[{"taxonomy":"product_brand","embeddable":true,"href":"https:\/\/agrodiamant.ro\/index.php\/wp-json\/wp\/v2\/product_brand?post=6165"},{"taxonomy":"product_cat","embeddable":true,"href":"https:\/\/agrodiamant.ro\/index.php\/wp-json\/wp\/v2\/product_cat?post=6165"},{"taxonomy":"product_tag","embeddable":true,"href":"https:\/\/agrodiamant.ro\/index.php\/wp-json\/wp\/v2\/product_tag?post=6165"}],"curies":[{"name":"wp","href":"https:\/\/api.w.org\/{rel}","templated":true}]}}