{"id":6574,"date":"2025-04-16T13:02:06","date_gmt":"2025-04-16T13:02:06","guid":{"rendered":"https:\/\/agrodiamant.ro\/?post_type=product&#038;p=6574"},"modified":"2025-04-16T13:20:13","modified_gmt":"2025-04-16T13:20:13","slug":"tocator-de-crengi-cu-prindere-cardanica-demarol-denis-r12","status":"publish","type":"product","link":"https:\/\/agrodiamant.ro\/index.php\/product\/tocator-de-crengi-cu-prindere-cardanica-demarol-denis-r12\/","title":{"rendered":"Toc\u0103tor de crengi cu prindere cardanica &#8211; DEMAROL DENIS R12"},"content":{"rendered":"","protected":false},"excerpt":{"rendered":"<p><u>AgroDiamant comercializeaza echipamante DEMAROL.<\/u>\u00a0Distribuim produsele acestora, reu\u0219ind s\u0103 oferim asisten\u021b\u0103 tehnic\u0103 precum \u0219i piese de schimb. Pe site-ul nostru g\u0103si\u021bi o parte din oferta produc\u0103torul polonez. Daca ceea ce c\u0103uta\u021bi\u00a0nu se g\u0103se\u0219te\u00a0in stock,\u00a0putem aduce pe comanda orice utilaj din oferta acestora.<\/p>\n<p><b>Toc\u0103tor de lemne DEMAROL DENIS R12<\/b><\/p>\n<p><b><\/b><b><\/b>Tocatorul de crengi Demarol Denis R12 este un utilaj robust, destinat prelucr\u0103rii resturilor lemnoase \u00een scopuri agricole \u0219i forestiere.<\/p>\n<p>\u2022 Grosimea maxim\u0103 a crengilor: 12 cm<br \/>\n\u2022 Dimensiunea resturilor lemnoase: 4\u20136 cm<br \/>\n\u2022 Putere minim\u0103 necesar\u0103 a tractorului: 35 CP<br \/>\n\u2022 Greutate: 280 kg<br \/>\n\u2022 Productivitate estimat\u0103: 5\u20137 m\u00b3\/h<\/p>\n<p>Toc\u0103torul este echipat cu dou\u0103 co\u0219uri de evacuare: unul pentru evacuarea lemnului pe remorc\u0103 \u0219i altul pentru ata\u0219area unui sac.<br \/>\nAlte dot\u0103ri includ o rol\u0103 de alimentare pentru alimentarea automat\u0103 a ramurilor, acces u\u0219or la tamburul de t\u0103iere, m\u00e2ner pentru \u00eendep\u0103rtarea lemnului \u00een caz de blocare, \u00eentinz\u0103tor de lan\u021b, picioare reglabile \u0219i construc\u021bie masiv\u0103.<\/p>\n","protected":false},"featured_media":6575,"template":"","meta":[],"product_brand":[],"product_cat":[538,511],"product_tag":[],"class_list":{"0":"post-6574","1":"product","2":"type-product","3":"status-publish","4":"has-post-thumbnail","6":"product_cat-utilaje-agricole","7":"product_cat-forestiere-utilaje-noi","9":"first","10":"instock","11":"taxable","12":"shipping-taxable","13":"product-type-simple"},"jetpack_sharing_enabled":true,"_links":{"self":[{"href":"https:\/\/agrodiamant.ro\/index.php\/wp-json\/wp\/v2\/product\/6574","targetHints":{"allow":["GET"]}}],"collection":[{"href":"https:\/\/agrodiamant.ro\/index.php\/wp-json\/wp\/v2\/product"}],"about":[{"href":"https:\/\/agrodiamant.ro\/index.php\/wp-json\/wp\/v2\/types\/product"}],"wp:featuredmedia":[{"embeddable":true,"href":"https:\/\/agrodiamant.ro\/index.php\/wp-json\/wp\/v2\/media\/6575"}],"wp:attachment":[{"href":"https:\/\/agrodiamant.ro\/index.php\/wp-json\/wp\/v2\/media?parent=6574"}],"wp:term":[{"taxonomy":"product_brand","embeddable":true,"href":"https:\/\/agrodiamant.ro\/index.php\/wp-json\/wp\/v2\/product_brand?post=6574"},{"taxonomy":"product_cat","embeddable":true,"href":"https:\/\/agrodiamant.ro\/index.php\/wp-json\/wp\/v2\/product_cat?post=6574"},{"taxonomy":"product_tag","embeddable":true,"href":"https:\/\/agrodiamant.ro\/index.php\/wp-json\/wp\/v2\/product_tag?post=6574"}],"curies":[{"name":"wp","href":"https:\/\/api.w.org\/{rel}","templated":true}]}}